e greatest common factor of f and m?
2
Let y(f) = -f**2 + 18*f - 50. Let c be y(14). Suppose -5*q - v = -155, v + 0 = 5. Calculate the greatest common divisor of q and c.
6
Suppose -3 = -4*s - 2*z + 43, 2*s - 32 = -4*z. What is the greatest common factor of 5 and s?
5
Suppose 7*q = -59 + 122. What is the greatest common divisor of q and 99?
9
Let x(n) = n**3 - 5*n**2 - 8*n + 5. Let t be x(9). Suppose -995 = 5*v - 3215. Let m = v - t. Calculate the highest common factor of 17 and m.
17
Let o = -257 - -278. Calculate the greatest common factor of 105 and o.
21
Let m = 234 + -121. Suppose -4*n + 5*a + 34 + m = 0, -4*a = n - 21. Suppose d + 4*w = 4*d - 29, -d = -4*w - 23. What is the highest common factor of n and d?
3
Let p = -394 - -490. What is the highest common divisor of p and 36?
12
Suppose 104*z - 1560 = 101*z. Calculate the greatest common factor of 65 and z.
65
Suppose 0 = -3*b + 137 + 43. Let f be 184/2 + 4/(-2). Calculate the highest common divisor of f and b.
30
Let j be -2 + 1 - (-6 + 3). Suppose 2*t + 4*k = 134, 0 = 3*t - k + j*k - 221. Calculate the greatest common divisor of 30 and t.
15
Let h = 68 + -65. Calculate the greatest common factor of 69 and h.
3
Suppose 4*d = p + 291, -d + 63 = -0*d + 3*p. What is the highest common factor of 32 and d?
8
Let t be (-5)/15*-3*2. Suppose -t*w + w + 48 = 0. Let r be 121 + -6 + 7 + -2. What is the greatest common factor of r and w?
24
Let x(i) = -i**2 - 5*i - 4. Let f be x(-6). Let v = 15 + f. Suppose 30 = 7*p - v*p. Calculate the greatest common factor of p and 150.
15
Let r = 514 - 502. Calculate the highest common divisor of r and 96.
12
Suppose -31*n - 101*n + 8360 = -37*n. Let f(w) = 8*w**3 + w**2 - w. Let l be f(1). What is the greatest common factor of n and l?
8
Suppose 15*z = -435 + 4260. Let h = -41 + 18. Let f = h + z. Calculate the greatest common factor of 29 and f.
29
Suppose 0 = 4*x, b - x - 53 = -5*x. Calculate the greatest common factor of 424 and b.
53
Suppose -10*l + 3 = -7*l. What is the highest common factor of 11 and l?
1
Suppose -5*k = -l - 181, 4*l = 5*l - 2*k + 175. Let s = -38 - l. Calculate the highest common divisor of s and 19.
19
Suppose -2*o - 5*q = -3*o + 137, -o + 3*q + 127 = 0. Let l be (3 + (4 - 4))/(6/o). Calculate the highest common divisor of l and 140.
28
Let a be 3 + 2*(23 - -2). Suppose 6*l - 2*o = l + a, -48 = -4*l + 3*o. Calculate the greatest common factor of 54 and l.
9
Suppose -66 = -5*o + 19. Let a = 35 - 36. Let f(g) = -18*g**3 - 2*g**2 - g. Let h be f(a). What is the greatest common factor of h and o?
17
Let t = 50 - 32. Suppose t = 4*c - 2*c. Suppose -6*r + 15*r = 891. What is the greatest common factor of c and r?
9
Suppose -6*x + 6 = -3*x, 99 = 3*z + 3*x. Calculate the greatest common factor of z and 1.
1
Suppose 0 = -2*h + 10, t + 0*h + 3*h - 59 = 0. Suppose -2*a - k = -26 - 8, t = 4*a - 4*k. What is the highest common factor of a and 75?
15
Suppose 5*g - 640 + 140 = 0. Let d = -150 - -70. Let t = -60 - d. What is the greatest common divisor of g and t?
20
Let p = -377 - -580. Suppose 0 = -3*q + 134 - 47. Calculate the greatest common divisor of p and q.
29
Let w(m) = 7*m**2 + 10*m - 19. Let r(n) = 10*n**2 + 15*n - 29. Let z(k) = -5*r(k) + 8*w(k). Let p be z(-7). Calculate the greatest common factor of p and 28.
28
Let r be (-3619)/(-66) - ((-3)/18)/1. Let a = -9 + 24. Suppose -a = j - r. Calculate the greatest common factor of j and 8.
8
Let h = 9 + -1. Let a be -9*(2 - h/6). Let b be (-1)/a + 860/24. What is the highest common divisor of b and 12?
12
Suppose -260 = -16*y + 2332. Calculate the greatest common factor of 432 and y.
54
Suppose -k + 50*k - 5880 = 0. Calculate the greatest common factor of k and 192.
24
Suppose -5*y + 2*t = 8, 3 + 5 = 3*y + 2*t. Let c be 101/2 - 10/20. Let u be c - (2 + (y - 0)). What is the greatest common divisor of u and 12?
12
Let q(o) = 3*o**2 + 5 - o + 3*o**2 + 2*o + o**2 - o**3. Let b be q(6). Suppose -7 = -j + b. Calculate the greatest common factor of j and 36.
18
Suppose 0*u + 4*m = 4*u - 88, 4*m + 20 = 0. Let c = -14 - -16. Suppose 6*r - 136 = c*r. Calculate the greatest common divisor of u and r.
17
Suppose -4*j = -15 - 93. Suppose -f + 2*f - h = 302, 2*h - 1475 = -5*f. What is the greatest common divisor of f and j?
27
Let j = -15 + 55. Let m = 29 - j. Let b = 28 + m. Calculate the highest common factor of b and 51.
17
Suppose -100*v + 7556 = 1056. What is the greatest common divisor of 3055 and v?
65
Suppose -5*d + 3567 = 2587. Let a = 37 - 9. What is the highest common factor of a and d?
28
Let u = 400 - 367. Calculate the greatest common divisor of u and 88.
11
Let g(r) = -r + 11. Let p be g(10). Let a be 8*-10*(0 + p + -2). What is the highest common factor of a and 10?
10
Suppose 309 - 1173 = -12*v. Calculate the highest common factor of v and 8.
8
Suppose 66 = -4*l + 22. Let t = l + 41. Suppose -3*o + 7*o - 40 = 3*w, -2*o = -2*w - 20. What is the highest common factor of t and o?
10
Let b be (-2)/(-7) - 850/35. Let m be 2/3 - (-10 + (-84)/(-18)). Let w be (-1288)/b + 8/m. Calculate the greatest common divisor of w and 5.
5
Suppose 1375*s - 1380*s + 1060 = 0. Calculate the greatest common factor of 12 and s.
4
Suppose -4*y = -5*y + 88. Let s = 76 + y. Suppose 5*d - 197 = -a, -4*d - 4*a + s = -0*d. What is the highest common divisor of 13 and d?
13
Let p(q) = q**3 + 4*q**2 + 7*q + 10. Let i be p(-4). Let v = -17 - i. Suppose -4*s = -0*s - 16. What is the highest common factor of v and s?
1
Suppose -7*y + 95 = -3. Calculate the highest common factor of 686 and y.
14
Suppose -6*d + d = u + 313, -d - u = 65. Let h = 108 + d. Calculate the highest common factor of 230 and h.
46
Let n = 867 + -849. Calculate the highest common divisor of n and 27.
9
Let o be (2/(-18))/(3/(-27)). Let f(p) = 6*p - 3. Let v be f(o). Suppose -v*b = -40 - 47. What is the highest common factor of 319 and b?
29
Suppose -4*r - 2*n - 3*n = -177, -2*r - 3*n + 91 = 0. Let x = 83 - r. What is the highest common factor of x and 9?
9
Let f(h) = h**3 + 12*h**2 + 2*h. Let j be f(-7). Calculate the highest common factor of j and 28.
7
Suppose -4 = x, 4*x + 0*x + 21 = l. Calculate the greatest common divisor of 865 and l.
5
Let o(u) = 493*u + 3. Let q be o(2). Calculate the highest common factor of q and 23.
23
Suppose 0*k - 4*k + 40 = 0. Suppose 0 = 3*f - 12*f. Suppose 2*w - 3*d = 65, f = 3*w - 2*d - 2*d - 95. What is the greatest common factor of k and w?
5
Let a = 558 - 216. What is the highest common divisor of 36 and a?
18
Let c(v) = -v**3 + 16*v**2 - 13*v + 60. Let u be c(15). What is the highest common divisor of 12 and u?
6
Let s be ((-533)/(-39) + -11)/((-2)/(-63)). Let d be (1 - -21) + 1/(-1). What is the greatest common divisor of d and s?
21
Suppose d - 5*i = 5, -2*d + 0*i + 2*i = -10. Let s = 23 + -20. Suppose 20 = 2*c - 2*k, -5*c - s*k - 2*k = 0. Calculate the highest common factor of d and c.
5
Let n = -118 - -43. Let g = 90 + n. Suppose -5*f - 2*o - 2*o = -150, -2*f = o - 60. What is the greatest common factor of g and f?
15
Let a = -30 - -34. Suppose -5*g + 4*s = -12, 18 = 3*g - 0*g + 3*s. Suppose -g*p = -2*p - 64. Calculate the greatest common divisor of p and a.
4
Let i be (-244)/(2*(-4 + 3)). Calculate the greatest common factor of 61 and i.
61
Let k be (189/18 - 3)*2. What is the highest common factor of k and 645?
15
Let w(u) = -4*u - 22. Let x be w(-10). Let f be (-1 - (-33)/27) + 1220/x. Calculate the highest common factor of f and 17.
17
Let l = -218 + 481. Suppose -1 - l = -o. Calculate the highest common factor of o and 33.
33
Let p = -226 - -272. What is the greatest common factor of p and 345?
23
Let m(p) = 1246*p + 5080. Let i be m(-4). Suppose -5*u + 80 = -2*u - 4*d, 0 = 3*u - d - 92. Calculate the highest common factor of i and u.
32
Let x(n) = -n**3 - 11*n**2 + 5*n + 57. Let a be x(-13). Calculate the greatest common divisor of a and 120.
30
Let p(v) = 23*v**2 - v - 8. Let m be p(-4). What is the highest common factor of m and 26?
26
Suppose h - 4*z = -8*z - 3, 4*h + 2*z - 2 = 0. Let s be (16/6)/(h/39). What is the highest common factor of 13 and s?
13
Let b = 130 - -54. Calculate the greatest common divisor of b and 8.
8
Let o be (-20)/(2/(-6)*1). Suppose 2*c = 5*c - 6. Suppose -2*l = -4*r + 94